e prime factors of t?
2, 3
Let d(l) = -l**3 - 12*l**2 + 12*l + 49. What are the prime factors of d(-15)?
2, 17
Let u(i) = -14*i + i**3 - 13*i**2 - 2 - 3 + 7. Let x be u(14). Let b = 18 + x. List the prime factors of b.
2, 5
Suppose -r - 6*z + 2*z = 220, -5*z + 15 = 0. Let s = -114 - r. List the prime factors of s.
2, 59
Let m(s) = -12*s + 36. Suppose -11*y - 43 = 1. List the prime factors of m(y).
2, 3, 7
Suppose i = -3, 0 = p - 2*p + 4*i + 190. List the prime factors of p.
2, 89
Let a(k) = 17*k**2 - 3*k. Let q be a(3). Suppose 2*o - 5*c - 112 = 0, c = 2*o + 4*c - q. List the prime factors of o.
2, 3, 11
Suppose -26*z + 6963 = -447. List the prime factors of z.
3, 5, 19
Suppose 342 + 170 = 4*t. What are the prime factors of t?
2
Suppose 1824 = -2*h + 8*h. List the prime factors of h.
2, 19
Let v = 358 - 219. Suppose -v + 589 = 3*c. What are the prime factors of c?
2, 3, 5
Suppose 0 = -18*n + 22*n. Suppose 4*y + 12 = n, 2*y = -4*l - 0*y + 298. What are the prime factors of l?
2, 19
Let n(t) = -272 - 3*t**2 + 2*t**2 + 3*t + 3*t**3 + 265. List the prime factors of n(3).
2, 37
Suppose 23*x - 9*x = 2716. List the prime factors of x.
2, 97
Let z(f) = 1798*f - 203. List the prime factors of z(2).
3, 13, 29
Suppose 3*f - 2*f = 130. Suppose -2*w + 37 + f = -5*q, -270 = -3*w + q. What are the prime factors of w?
7, 13
Let z = 29 - 22. Let k(t) = 2*t**2 - 9*t + 3. Let a be k(z). List the prime factors of 399/a*(-24)/(-7).
2, 3
Suppose 4*f - 18 = 6. Let a = f - -3. Suppose -2*x + a = -17. List the prime factors of x.
13
Suppose 3 = 17*y - 16*y. List the prime factors of ((-12)/(-4))/y + 11.
2, 3
Let w(d) = d**2 - 7*d + 14. Let f be w(5). Let l(s) = s**3 - 3*s**2 - 1. List the prime factors of l(f).
3, 5
Let v(m) = -m + 87. What are the prime factors of v(-15)?
2, 3, 17
Let l be (0 + 2 - -1) + 12. Let u = l - 25. List the prime factors of (-164)/u + (-6)/(-10).
17
Suppose -3*f = 4*o - 10, -3 - 2 = -3*f + o. Suppose -2*s + 6 = -5*s, 0 = -f*z - 3*s - 2. Suppose -10 - z = -2*m. What are the prime factors of m?
2, 3
Let g = -24 - -46. Suppose -g = -0*o + 2*o. Let x(w) = w**2 + 8*w + 1. List the prime factors of x(o).
2, 17
Let n = -39 + 15. Let z = n + 38. Suppose 34 + z = 4*q - 4*t, 2*t + 7 = q. What are the prime factors of q?
17
Suppose -v - 697 = -3*r, 9*v - 727 = -3*r + 4*v. Let p = r + 41. List the prime factors of p.
5, 11
Let f(t) = 5*t - 7. Let s be f(-9). Let x = s - -93. List the prime factors of x.
41
Let o = -29 - 9. Let a = o + 87. What are the prime factors of a?
7
Let z(j) = j**3 + 33*j**2 + 88*j - 168. What are the prime factors of z(-28)?
2, 7, 23
Let n = -29 - -27. What are the prime factors of 3 + n/(-4) + (-154)/(-4)?
2, 3, 7
Suppose 0 = 5*b + 25, -5*c + b + b = -235. Suppose -38*x + c = -33*x. List the prime factors of x.
3
Suppose -14*v + 3518 = -2054. What are the prime factors of v?
2, 199
Let d(m) = -231*m - 6. Let j be d(-3). Suppose 0 = 5*z - j + 102. List the prime factors of z.
3, 13
Let v(z) = -11 + 13 + z**2 + 0*z - 30 + 2*z. What are the prime factors of v(-13)?
5, 23
Let f be (-2)/7 + (156/(-42) - 4). List the prime factors of (-5 - f)/((-6)/(-4)) - -54.
2, 7
Suppose 23 = 5*v - 42. Let c(u) = -u**2 + 22*u + 10. What are the prime factors of c(v)?
127
Suppose -4*w - 5*s = -2351, 4*w - s = -5*s + 2356. List the prime factors of w.
2, 3, 11
Suppose 11*f - 15 = -4. Suppose -3*c - 4*u = -7, -2*c - 4*u = -1 - f. List the prime factors of c.
5
Let a(r) = 2*r**2 - 19*r - 6. Let o be a(10). Suppose -4*x + 4*f = -7 + 3, o*x = -5*f + 40. What are the prime factors of x?
5
Suppose 0 = -5*y + 3*r + 668, 4*y + 12*r = 10*r + 552. List the prime factors of y.
2, 17
Let g(x) = -x**3 - 2*x**2 + 16*x + 9. Let p be g(-5). Suppose -3*t = 5*v - 1166, -v - p*v + 5*t + 1190 = 0. What are the prime factors of v?
5, 47
Let y(b) = b**3 - 8*b**2 + 7*b + 4. Let x be y(7). Suppose -j - n = -x, -4*j + 2*n + 16 = -n. Suppose 0*g + 12 = j*g. List the prime factors of g.
3
Suppose 3*p = 5*g - 131 - 39, 4*g - 136 = -5*p. Let v be g/6 - 5/(-15). Let k = v - -5. List the prime factors of k.
11
Let f = 123 - 112. What are the prime factors of f?
11
Suppose -39*v + 34*v = -4*y - 530, -3*v - 4*y = -350. List the prime factors of v.
2, 5, 11
Let c(a) = -a**3 + 40*a**2 + 75*a + 4. List the prime factors of c(40).
2, 751
Let s be -155 - ((1 - 9) + 4). Let d = 165 - s. What are the prime factors of d?
2, 79
Suppose 14*d = -d + 4305. List the prime factors of d.
7, 41
Let h be (4152/(-18) - (-2)/1)*-3. Suppose -18*a = -11*a - h. What are the prime factors of a?
2, 7
Let r be (-24)/5*50/(-20). Suppose r + 4 = 4*s. Suppose -2*u + 84 = -s*n, 5*n + 28 = u + 1. List the prime factors of u.
2, 13
Let s be 0 - (24 - 3)/(-3). Let x(i) = -2*i - 3*i**2 - 4*i**2 + 12 - 6*i + 8*i**3 - s*i**3. What are the prime factors of x(8)?
2, 3
Suppose 95975 = 85*a - 30*a. List the prime factors of a.
5, 349
Let f be (-3 - -1) + (1 - -4). Suppose 0 = 4*t - 4, f*y + t = 3*t + 172. List the prime factors of y.
2, 29
Let i(o) = 2*o**2 - 4*o. Let n be i(3). Let a(t) = -4*t + 43. Let x be a(10). Let f = n + x. List the prime factors of f.
3
List the prime factors of 2/(2 + 0 - 511516/255799).
17, 367
Suppose -177 = -2*i - 5*u, 9*i - 2*u = 4*i + 370. Let m = i - 107. Let a = m - -45. What are the prime factors of a?
2, 7
Suppose 6*k + 238 = 796. Suppose 6*d - 285 = -k. List the prime factors of d.
2
Suppose 33*h = 17933 + 17014. What are the prime factors of h?
3, 353
Let c(y) = -2*y**2 + 7*y - 6. Let z be c(10). Let a be (z/16)/(1/(-2)). Suppose 14 + a = j. List the prime factors of j.
31
Let z(i) = -47*i**2 + 4*i - 4. Let m be z(3). Let s = -215 - m. Let b = -141 + s. List the prime factors of b.
59
List the prime factors of (-152)/57*(-459)/6.
2, 3, 17
Suppose 2*x = -5*x. Suppose -4*q = -x*q - 920. List the prime factors of q.
2, 5, 23
Let f = -117 - -80. Let l = f + 33. What are the prime factors of (-39)/((-15)/(-6) + l)?
2, 13
Suppose -l + 12 + 2 = 0. Let d = 31 - l. List the prime factors of d.
17
Let k(z) be the first derivative of -z**3/3 + 45*z + 14. What are the prime factors of k(0)?
3, 5
Let n = 38 - 32. Suppose 11*y - n*y = 120. Suppose -4*s - 2 = 2*c - y, -2*c - s = -10. List the prime factors of c.
3
Let c = 87 - 61. Suppose c = 3*f - f. Suppose 3*t + 2*t - 3*s - 113 = 0, 3*s = t - f. List the prime factors of t.
5
Let t(s) = -s - 8. Suppose 4*n = 3*z - 32, -75 = 5*n + 4*z + z. Let v be t(n). Suppose -3*b + 18 = 3*p, -v*b + 3*p - 2 = -50. What are the prime factors of b?
11
Let i be -4 - 1 - (-4 + 0). Let d(l) be the third derivative of 19*l**5/20 - l**4/8 - l**3/6 - 7*l**2. List the prime factors of d(i).
59
Let i = 21 + -17. Suppose -i = -3*s - d, d + 8 = -s - 4*d. What are the prime factors of s?
2
Let v(a) = 80*a**2 - a - 37. What are the prime factors of v(-6)?
7, 11, 37
Let j be 11/3 + 26/(-39). Suppose 0 = j*f - 3*l - 15, 4*f - 5*l + 11 = 33. List the prime factors of 42 + -2 + -1 + f.
2, 3, 7
What are the prime factors of (2/(-6))/(99/(-937926))?
2, 1579
Let s be -1*(-5)/((-15)/(-123)). Let c = 106 - s. What are the prime factors of c?
5, 13
Let u be (1 - -2)*(-5)/(-3). Let z be 26/(-3) + u/(-15). Let a(d) = -d**3 - 10*d**2 - 12*d - 12. List the prime factors of a(z).
3, 5
Let i be (-68)/7 + 6/(-21). Let q be 421/(-9) - i/(-45). Let t = -18 - q. List the prime factors of t.
29
Let k(b) = -4 - 13*b + 2*b**2 + 0 - 6 + 4. List the prime factors of k(10).
2
Suppose 3*f - 4*c = 9159, 4*c - 12184 = -11*f + 7*f. List the prime factors of f.
3049
Let h be (1 - (-30)/(-25)) + 26/5. Suppose 5*i = 3 - 18, -h*d = -3*i - 109. What are the prime factors of d?
2, 5
Let x(m) = m - 6. Suppose 24 = r + 2*r. Let c be x(r). What are the prime factors of c*(-3 + -1)*-1?
2
Let u = -4671 + 9262. What are the prime factors of u?
4591
Suppose -3*y + 2*y - 19 = 5*k, -5*y - 74 = 4*k. Let m = -21 - y. Let l = m + 24. List the prime factors of l.
17
Let l be 5 + (-4 - -2 - 0). Let q be (2*1)/(15/1260). Suppose -4*s + 180 = -5*w - 35, 0 = l*s + 3*w - q. What are the prime factors of s?
5, 11
Suppose k - 59 - 344 = 2*f, 3*k + 4*f - 1219 = 0. What are the prime factors of k?
3, 5
Let v be (-11)/(-5) + 3/(-15). Suppose 0 = v*o + 4*c + 264, c - 5*c = 12. Let g = -51 - o. List the prime factors of g.
3, 5
